uppose -c + 3 = 4*u, m*c - 2*c - 12 = -5*u. Calculate the remainder when 32 is divided by c.
2
Let p(j) = -j**2 + 27*j + 75. Calculate the remainder when p(28) is divided by 17.
13
Let m = 34 + -21. Suppose 98*w - 3728 = -886. What is the remainder when w is divided by m?
3
Suppose -4*i + 4*h = -152, 4*i - h - 11 = 129. Calculate the remainder when i is divided by 6.
4
Calculate the remainder when 170 is divided by ((-2)/6)/((-41)/1107).
8
Suppose -36 = 3*h - 6*h. Let f(v) = -7*v + 7. What is the remainder when f(-4) is divided by h?
11
Let j = 7 + -14. Let i(t) = -14*t**2 + 14*t + 32. Let m(a) = -5*a**2 + 5*a + 11. Let x(q) = -4*i(q) + 11*m(q). What is the remainder when x(j) is divided by 13?
10
Suppose z - 71 = -4*d, -2*d + 0*z + 2*z + 38 = 0. Suppose 6*j = 13*j - 7. Let u(f) = 87*f**2 + f - 1. Calculate the remainder when u(j) is divided by d.
15
Suppose i + 4*i + 15 = 0. Let d be 28 - (-3 - i) - -2. Let m = d - 12. What is the remainder when 53 is divided by m?
17
Suppose 6 = 5*x - 9. Suppose -y = 3*f - 7, -x*f - 5*y = -4*f - 19. Calculate the remainder when 27 is divided by f/(4/40*1).
7
Suppose 0 = 2*o - 5*n - 749 - 738, -2*o = -n - 1507. Calculate the remainder when o is divided by 76.
72
Let l(g) = -15*g. Let v(z) = 32*z - 2. Let k(u) = 9*l(u) + 4*v(u). Suppose 4*x + 7 + 5 = 0. Calculate the remainder when 51 is divided by k(x).
12
What is the remainder when 1/(-1) - 1680/(-27 - -12) is divided by 28?
27
Suppose m - 23 = 3*l + 16, 2*m = 5*l + 73. Let f(x) = 580*x - 461. Calculate the remainder when f(1) is divided by m.
23
Suppose 3*i = -0*i + 51. Suppose 2*m = 6, -3*d + 3*m - i = -7*d. Let v = 4 + d. What is the remainder when 11 is divided by v?
5
Let r(s) = s**3 - 11*s**2 + 12*s - 4. Let x(c) = -c**2 - 9*c - 10. Let g be x(-5). What is the remainder when 125 is divided by r(g)?
13
Let j be (-219)/(-15) - 4/(-10). Let y = j + 10. Suppose 5*i - q - 2 = 28, 0 = q - 5. Calculate the remainder when y is divided by i.
4
Let o(m) = m**2 + m - 5. Suppose 5*c = -4*a + 3*a - 30, 5*c - 3*a + 30 = 0. Let k be o(c). Let h = -14 + k. Calculate the remainder when 43 is divided by h.
10
Suppose -44 = 62*j - 260 - 156. Calculate the remainder when j is divided by 50/18 - 2/(-9).
0
Let w(a) = a**2 - 90*a + 1333. Calculate the remainder when 107 is divided by w(72).
33
Let t be 13736/(-32) + (-1)/(-4). Calculate the remainder when t/(-15) - (-4)/10 is divided by 8.
5
Let b = -1313 + 1451. Calculate the remainder when b is divided by 37.
27
Let p(a) = -a - 4. Let n be p(-6). Suppose -2*u - 64 = -4*q - q, 0 = -n*u - 4. Suppose 3*b - 15 = -0*b. What is the remainder when q is divided by b?
2
What is the remainder when 233 is divided by 35*((495/(-21))/(-5) - 3)?
53
Let c be 13 - (12/1)/4. Let z = 0 + c. Calculate the remainder when 28 is divided by z.
8
Let a = 26 + -22. Suppose -a*p - 8 = 0, 3*r - 26 + 4 = 2*p. What is the remainder when 21 is divided by r?
3
Suppose 2*m = 4*m - 22. Let x be (m/(-2))/((-2)/(-4)). Let q = x + 25. Calculate the remainder when 39 is divided by q.
11
Let o(q) be the third derivative of -q**5/60 - 5*q**4/8 - 14*q**3/3 - 6*q**2. Let s = 100 + -14. Calculate the remainder when s is divided by o(-10).
20
Let q(a) = -23*a**3 - a**2 - a. What is the remainder when 90 is divided by q(-1)?
21
Calculate the remainder when 112 is divided by (-4*5/(-4) - 5) + 29.
25
Let y = 312 - 289. What is the remainder when 89 is divided by y?
20
Let x(h) be the first derivative of h**4/4 + h**3/3 - 4*h - 3. Let q be x(0). Calculate the remainder when 37 is divided by (-5)/20 - 81/q.
17
Let z(c) = c**2 + 12*c - 729. What is the remainder when (2 - -91) + -1*2 is divided by z(22)?
15
Let f(p) = p**3 + 14*p**2 - p - 12. Let x = 19 + -33. Let c(i) = i - 5. What is the remainder when c(8) is divided by f(x)?
1
Suppose 2 = -2*r, 5*k - 41 - 26 = -3*r. Suppose -3 - k = -h. Calculate the remainder when 33 is divided by h.
16
Suppose -213*w - 497 = -220*w. What is the remainder when w is divided by 37?
34
Let s = -18 + 8. Let b(r) = r - 3. Let n be b(s). Let c = n + 52. What is the remainder when c is divided by 10?
9
Let p(u) = 15*u**2 + 11*u - 2. Calculate the remainder when 240 is divided by p(2).
0
Suppose -q = -3*q - 10. Calculate the remainder when (-5 - -2) + (66 - q) is divided by 24.
20
Let i(q) = 2*q**3 - 13*q**2 + 5*q - 3. Let y be i(6). Let g = y + 21. Let x = 134 - 75. What is the remainder when x is divided by g?
11
What is the remainder when 46 is divided by (-3 - (30 + -7))/(6/(-3))?
7
Let q(k) = 19*k - 10. Calculate the remainder when q(7) is divided by (0 + (-15)/(-45))/(2/150).
23
Suppose 0 = 5*t - 3*x - 444, -t = x - 0*x - 84. Calculate the remainder when t is divided by 13.
9
Let s(a) = 58*a. Let f be s(2). What is the remainder when 198 is divided by 5/(3 + f/(-40))?
48
Let x(n) = -2*n**3 - n**2 + 6. Suppose r + g + 2 + 3 = 0, 4*r - g = 5. Calculate the remainder when 17 is divided by x(r).
5
Suppose 5*f - 98 = -2*j, -3*f + j + 0*j = -50. Suppose 33*z = 32*z + 52. What is the remainder when z is divided by f?
16
Let h(v) = v**3 + 3*v**2 + 4. Let z be h(-3). Let n = -2 + z. Let b(y) = -y**2 - 3*y + 1. Calculate the remainder when n is divided by b(-3).
0
Let y = -45 - -132. Let f(m) = -m**3 + 8*m**2 - 8*m + 6. What is the remainder when y is divided by f(6)?
27
Calculate the remainder when 84 is divided by -4*(-350)/40 - 7.
0
Suppose -90 = -3*h - 3*y + 6*y, 0 = -5*h - 5*y + 190. What is the remainder when h is divided by 5?
4
Let z be 166 - (3 - 35/5). Suppose 3*d = -17 + z. Calculate the remainder when d is divided by 18.
15
Let n(s) = 24*s - 159. Let u(g) be the second derivative of 11*g**5/5 - g**3/6 + 2*g. Calculate the remainder when u(1) is divided by n(7).
7
Suppose 0 = 8*a - 249 + 17. Let p = a + 19. Suppose -59 = -4*v - 0*w + 3*w, -2*w - 28 = -2*v. What is the remainder when p is divided by v?
14
Let j be 3/(-2) + (-15)/(-2). Let f = j - -8. What is the remainder when 27 is divided by f?
13
Let f(t) = -t**3 + 6*t**2 + 18*t - 10. Let u = -8 - -15. What is the remainder when f(u) is divided by 23?
21
Suppose 2*n - 26 = 32. Let q = -60 + 70. Calculate the remainder when n is divided by q.
9
Let c(o) = 2*o**2 + 16*o + 37. Let i be c(-6). Suppose 5*n = i*n - 328. What is the remainder when n is divided by 15?
11
Let l = 106 + -92. Suppose 3*c = -0*v + 5*v + 92, v + 59 = 2*c. Suppose c = 5*k - 96. Calculate the remainder when k is divided by l.
11
Let b be (75/6)/((-2)/(-4)). Let g = -15 + b. Suppose -5*p - g + 45 = 0. What is the remainder when 26 is divided by p?
5
Let o = -127 - -141. What is the remainder when o is divided by (-7)/(-49) + 27/7?
2
Suppose 11*h - 902 = -143. Let q = 26 - 8. What is the remainder when h is divided by q?
15
Let t(i) = 426*i**3 - 2*i + 1. Calculate the remainder when t(1) is divided by 33.
29
Let g(k) = 21*k**2 + 7. Let f(t) = 2*t - 1. What is the remainder when g(0) is divided by f(3)?
2
Let i be (-21)/(0 + -3) - -2. Suppose 0 = -i*c + 2*c + 91. What is the remainder when 64 is divided by c?
12
Suppose 0 = -22*u + 963 + 621. What is the remainder when 646 is divided by u?
70
Let b(w) = 4*w. Let d(n) = 25*n + 1. Let q(c) = 34*b(c) - 6*d(c). Let i = -335 - -329. Calculate the remainder when q(i) is divided by 20.
18
Let i be ((-10)/(-4))/(10/20). Let q be 1/1*(i + -5). Suppose q = -4*o - 0*o + 68. What is the remainder when o is divided by 9?
8
Suppose 6*d - 4*d = 8. Suppose d*g - 44 = -m - 3*m, -2*m - 6 = 0. What is the remainder when 24 is divided by g?
10
Let b(y) = 2*y**2 - 69*y + 44. What is the remainder when 139 is divided by b(34)?
9
Let x be 2/6 + (-7)/3. Let z = x + 21. Calculate the remainder when 93 is divided by z.
17
Suppose -281*f + 283*f - 10 = 0. What is the remainder when (-2)/(-3) - 92/(-6) is divided by f?
1
Suppose -104 = -9*h + 6*h - g, 2*g - 175 = -5*h. What is the remainder when h is divided by 9?
6
Let x be ((-84)/(-10))/((-3)/(-15)). Let i be ((-12)/x)/(1/(-7)). Suppose i*v - 4*v = -44. What is the remainder when v is divided by 8?
6
Let s(q) = q**3 - q + 9. Let p = -29 - -31. What is the remainder when s(0) is divided by p?
1
Let g = -248 + 309. Calculate the remainder when g is divided by 21.
19
Suppose -5*x = -2*k + 1399 + 4, 4*x = k - 703. What is the remainder when